{"id":1470,"date":"2021-07-01T19:56:55","date_gmt":"2021-07-02T00:56:55","guid":{"rendered":"https:\/\/www.casasistencia.org.mx\/?page_id=1470"},"modified":"2021-07-01T20:05:09","modified_gmt":"2021-07-02T01:05:09","slug":"quienes-somos","status":"publish","type":"page","link":"https:\/\/www.casasistencia.org.mx\/","title":{"rendered":"\u00bfQui\u00e9nes somos?"},"content":{"rendered":"<h1>\u00bfQUI\u00c9NES SOMOS?<\/h1>\n<div>CASASISTENCIA<\/div>\n<p><img decoding=\"async\" src=\"\/wp-content\/uploads\/illustration-bird.svg\" alt=\"\"><\/p>\n<div>\n<p>        <img decoding=\"async\" src=\"\/wp-content\/uploads\/journal-post-beautiful-useful-10-gifts-for-the-birth.jpg\" alt=\"\"><\/p>\n<\/div>\n<p><img decoding=\"async\" src=\"\/wp-content\/uploads\/illustration-sun.svg\" alt=\"\"><\/p>\n<div>\n<p>Casasistencia I.A.P. es una casa hogar, creada con el objetivo de brindar atenci\u00f3n integral, a ni\u00f1as y ni\u00f1os en situaci\u00f3n de abandono y maltrato.<\/p>\n<p>Convencidos que los a\u00f1os iniciales de las personas son decisivos, y es la etapa evolutiva m\u00e1s importante de los seres humanos, dedicamos nuestros esfuerzos en la atenci\u00f3n de peque\u00f1os en etapa de lactantes a prescolar<\/p>\n<\/div>\n<div>\n<p><strong>MISI\u00d3N:<\/strong><br \/>Proporcionar atenci\u00f3n integral a ni\u00f1os y ni\u00f1as de 0 a 6 a\u00f1os, v\u00edctimas de abandono y maltrato, ofreci\u00e9ndoles una mejor calidad de vida, en tanto se resuelve su situaci\u00f3n jur\u00eddica.<\/p>\n<p><strong>VISI\u00d3N:<\/strong><br \/>Ser la mejor opci\u00f3n de asistencia a nivel estatal, con un enfoque integral; que incluye la reintegraci\u00f3n de ni\u00f1os y ni\u00f1as a una familia id\u00f3nea.<\/p>\n<p><strong>HISTORIA:<\/strong><br \/>En el a\u00f1o de 1997 un grupo de mexiquenses con un alto sentido humanista y un gran compromiso social, decidieron unir sus talentos, esfuerzos y recursos en favor de ni\u00f1os y ni\u00f1as v\u00edctimas de abandono y maltrato, con la finalidad de brindarles atenci\u00f3n integral, proporcion\u00e1ndoles:<br \/>alimentaci\u00f3n, educaci\u00f3n, recreaci\u00f3n, atenci\u00f3n m\u00e9dica, y psicol\u00f3gica que les permitiera crecer y desarrollarse adecuadamente, entre tanto se resolv\u00eda su situaci\u00f3n jur\u00eddica.<\/p>\n<p>A\u00f1os m\u00e1s tarde asumimos el compromiso de colaborar en la integraci\u00f3n de los ni\u00f1os y ni\u00f1as albergados a una familia funcional mediante la adopci\u00f3n plena que ofrece la normatividad del Estado de M\u00e9xico. Por ello suscribimos convenios de colaboraci\u00f3n con La Procuradur\u00eda General de Justicia del D.F, y con DIF del Estado de M\u00e9xico.<br \/>Actualmente tenemos el honor de formar parte del Consejo Mexiquense de Adopciones, con voz y voto, teniendo la oportunidad de participar en favor de los derechos de los ni\u00f1os y ni\u00f1as.<\/p>\n<\/div>\n<p><!--more--><br \/>\n<!-- {\"name\":\"Post\",\"type\":\"layout\",\"children\":[{\"type\":\"section\",\"props\":{\"style\":\"default\",\"width\":\"\",\"vertical_align\":\"middle\",\"title_position\":\"top-left\",\"title_rotation\":\"left\",\"title_breakpoint\":\"xl\",\"image_position\":\"center-center\",\"padding_remove_top\":false,\"padding_remove_horizontal\":false,\"width_expand\":\"left\",\"padding\":\"large\",\"padding_remove_bottom\":false},\"children\":[{\"type\":\"row\",\"props\":{\"width\":\"xsmall\"},\"children\":[{\"type\":\"column\",\"props\":{\"image_position\":\"center-center\",\"media_overlay_gradient\":\"\"},\"children\":[{\"type\":\"headline\",\"props\":{\"title_element\":\"h1\",\"block_align\":\"center\",\"text_align\":\"center\",\"content\":\"\\u00bfQUI\\u00c9NES SOMOS?\"}},{\"type\":\"headline\",\"props\":{\"title_element\":\"div\",\"title_style\":\"h6\",\"title_color\":\"muted\",\"block_align\":\"center\",\"text_align\":\"center\",\"content\":\"CASASISTENCIA\"}}]}]},{\"type\":\"row\",\"props\":{\"width\":\"xlarge\",\"column_gap\":\"large\",\"margin\":\"large\"},\"children\":[{\"type\":\"column\",\"props\":{\"image_position\":\"center-center\",\"media_overlay_gradient\":\"\",\"width_medium\":\"\"},\"children\":[{\"type\":\"image\",\"props\":{\"margin\":\"default\",\"image_svg_color\":\"emphasis\",\"position\":\"absolute\",\"position_z_index\":\"1\",\"text_align\":\"right\",\"animation\":\"parallax\",\"image\":\"wp-content\\\/uploads\\\/illustration-bird.svg\",\"css\":\".el-image { max-width: 25vw; }\",\"parallax_y_end\":\"-5vh\",\"parallax_zindex\":false,\"parallax_target\":false,\"position_top\":\"-3vh\",\"image_width\":\"280\",\"status\":\"\"}},{\"type\":\"overlay\",\"props\":{\"link_text\":\"Read more\",\"overlay_mode\":\"cover\",\"overlay_hover\":false,\"overlay_style\":\"\",\"text_color\":\"light\",\"overlay_position\":\"center\",\"overlay_transition\":\"fade\",\"title_hover_style\":\"reset\",\"title_element\":\"h3\",\"meta_style\":\"meta\",\"meta_align\":\"below-title\",\"meta_element\":\"div\",\"link_style\":\"default\",\"text_align\":\"center\",\"margin\":\"remove-vertical\",\"image_width\":\"1600\",\"image_min_height\":\"300\",\"image\":\"wp-content\\\/uploads\\\/journal-post-beautiful-useful-10-gifts-for-the-birth.jpg\",\"image_alt\":\"\"}},{\"type\":\"image\",\"props\":{\"margin\":\"default\",\"image_svg_color\":\"emphasis\",\"position\":\"absolute\",\"position_z_index\":\"1\",\"text_align\":\"left\",\"text_align_breakpoint\":\"s\",\"text_align_fallback\":\"left\",\"animation\":\"parallax\",\"image\":\"wp-content\\\/uploads\\\/illustration-sun.svg\",\"position_bottom\":\"5vh\",\"css\":\".el-image { max-width: 22vw; }\",\"parallax_y_start\":\"10vh\",\"image_width\":\"220\",\"position_left\":\"2vw\"}}]}]}],\"name\":\"Hero\"},{\"type\":\"section\",\"props\":{\"style\":\"default\",\"width\":\"xsmall\",\"vertical_align\":\"middle\",\"title_position\":\"top-left\",\"title_rotation\":\"left\",\"title_breakpoint\":\"xl\",\"image_position\":\"center-center\",\"padding\":\"large\",\"padding_remove_top\":true},\"children\":[{\"type\":\"row\",\"props\":{\"column_gap\":\"large\",\"row_gap\":\"large\"},\"children\":[{\"type\":\"column\",\"props\":{\"image_position\":\"center-center\",\"media_overlay_gradient\":\"\",\"width_medium\":\"\"},\"children\":[{\"type\":\"text\",\"props\":{\"margin\":\"default\",\"column_breakpoint\":\"m\",\"text_size\":\"large\",\"text_color\":\"emphasis\",\"content\":\"\n\n<p>Casasistencia I.A.P. es una casa hogar, creada con el objetivo de brindar atenci\\u00f3n integral, a ni\\u00f1as y ni\\u00f1os en situaci\\u00f3n de abandono y maltrato.<\\\/p>\\n\n\n<p>Convencidos que los a\\u00f1os iniciales de las personas son decisivos, y es la etapa evolutiva m\\u00e1s importante de los seres humanos, dedicamos nuestros esfuerzos en la atenci\\u00f3n de peque\\u00f1os en etapa de lactantes a prescolar<\\\/p>\"}},{\"type\":\"text\",\"props\":{\"margin\":\"default\",\"column_breakpoint\":\"m\",\"dropcap\":false,\"css\":\"@media(min-width: 960px) {n    .el-element > p > img:only-child { n        margin-left: -150px;n        margin-right: -150px;n        max-width: calc(100% + 300px);n    }n}\",\"content\":\"\n\n<p><strong>MISI\\u00d3N:<\\\/strong><br \\\/>Proporcionar atenci\\u00f3n integral a ni\\u00f1os y ni\\u00f1as de 0 a 6 a\\u00f1os, v\\u00edctimas de abandono y maltrato, ofreci\\u00e9ndoles una mejor calidad de vida, en tanto se resuelve su situaci\\u00f3n jur\\u00eddica.<\\\/p>\\n\n\n<p><strong>VISI\\u00d3N:<\\\/strong><br \\\/>Ser la mejor opci\\u00f3n de asistencia a nivel estatal, con un enfoque integral; que incluye la reintegraci\\u00f3n de ni\\u00f1os y ni\\u00f1as a una familia id\\u00f3nea.<\\\/p>\\n\n\n<p><strong>HISTORIA:<\\\/strong><br \\\/>En el a\\u00f1o de 1997 un grupo de mexiquenses con un alto sentido humanista y un gran compromiso social, decidieron unir sus talentos, esfuerzos y recursos en favor de ni\\u00f1os y ni\\u00f1as v\\u00edctimas de abandono y maltrato, con la finalidad de brindarles atenci\\u00f3n integral, proporcion\\u00e1ndoles:<br \\\/>alimentaci\\u00f3n, educaci\\u00f3n, recreaci\\u00f3n, atenci\\u00f3n m\\u00e9dica, y psicol\\u00f3gica que les permitiera crecer y desarrollarse adecuadamente, entre tanto se resolv\\u00eda su situaci\\u00f3n jur\\u00eddica.<\\\/p>\\n\n\n<p>A\\u00f1os m\\u00e1s tarde asumimos el compromiso de colaborar en la integraci\\u00f3n de los ni\\u00f1os y ni\\u00f1as albergados a una familia funcional mediante la adopci\\u00f3n plena que ofrece la normatividad del Estado de M\\u00e9xico. Por ello suscribimos convenios de colaboraci\\u00f3n con La Procuradur\\u00eda General de Justicia del D.F, y con DIF del Estado de M\\u00e9xico.<br \\\/>Actualmente tenemos el honor de formar parte del Consejo Mexiquense de Adopciones, con voz y voto, teniendo la oportunidad de participar en favor de los derechos de los ni\\u00f1os y ni\\u00f1as.<\\\/p>\"}}]}]}],\"name\":\"Post\"}],\"version\":\"2.5.1\"} --><\/p>\n","protected":false},"excerpt":{"rendered":"<p>\u00bfQUI\u00c9NES SOMOS? CASASISTENCIA Casasistencia I.A.P. es una casa hogar, creada con el objetivo de brindar atenci\u00f3n integral, a ni\u00f1as y ni\u00f1os en situaci\u00f3n de abandono y maltrato. Convencidos que los a\u00f1os iniciales de las personas son decisivos, y es la etapa evolutiva m\u00e1s importante de los seres humanos, dedicamos nuestros esfuerzos en la atenci\u00f3n de [&hellip;]<\/p>\n","protected":false},"author":1,"featured_media":0,"parent":0,"menu_order":0,"comment_status":"closed","ping_status":"closed","template":"","meta":{"_eb_attr":"","footnotes":""},"class_list":["post-1470","page","type-page","status-publish","hentry"],"_links":{"self":[{"href":"https:\/\/www.casasistencia.org.mx\/index.php?rest_route=\/wp\/v2\/pages\/1470"}],"collection":[{"href":"https:\/\/www.casasistencia.org.mx\/index.php?rest_route=\/wp\/v2\/pages"}],"about":[{"href":"https:\/\/www.casasistencia.org.mx\/index.php?rest_route=\/wp\/v2\/types\/page"}],"author":[{"embeddable":true,"href":"https:\/\/www.casasistencia.org.mx\/index.php?rest_route=\/wp\/v2\/users\/1"}],"replies":[{"embeddable":true,"href":"https:\/\/www.casasistencia.org.mx\/index.php?rest_route=%2Fwp%2Fv2%2Fcomments&post=1470"}],"version-history":[{"count":3,"href":"https:\/\/www.casasistencia.org.mx\/index.php?rest_route=\/wp\/v2\/pages\/1470\/revisions"}],"predecessor-version":[{"id":1475,"href":"https:\/\/www.casasistencia.org.mx\/index.php?rest_route=\/wp\/v2\/pages\/1470\/revisions\/1475"}],"wp:attachment":[{"href":"https:\/\/www.casasistencia.org.mx\/index.php?rest_route=%2Fwp%2Fv2%2Fmedia&parent=1470"}],"curies":[{"name":"wp","href":"https:\/\/api.w.org\/{rel}","templated":true}]}}